?
False
Is 10851499 a prime number?
False
Is 7014037 composite?
False
Is 15972133 a composite number?
True
Is 7767899 prime?
True
Is 372514651 composite?
False
Is 5064131 composite?
False
Is 18129907 a prime number?
True
Is 2489281 a prime number?
False
Is 13346605 prime?
False
Is 1838087 a prime number?
True
Is 168761389 composite?
False
Is 11387653 a prime number?
False
Is 174759163 prime?
False
Is 218612171 a composite number?
True
Is 125017799 a prime number?
True
Is 736201573 a composite number?
False
Is 620631133 a composite number?
False
Is 665891 prime?
False
Is 11354669 a prime number?
True
Is 3063371 a composite number?
False
Is 599831 a composite number?
False
Is 21792481 prime?
False
Is 48387761 a prime number?
True
Is 308951 a composite number?
False
Is 42907277 prime?
False
Is 7083941 composite?
True
Is 610490357 a prime number?
False
Is 79295 prime?
False
Is 81011705 a composite number?
True
Is 1394131 composite?
False
Is 101025011 composite?
False
Is 2605093 composite?
True
Is 148399961 a prime number?
True
Is 48288209 a composite number?
False
Is 3308023 a composite number?
True
Is 2398919 a prime number?
True
Is 12422363 a composite number?
False
Is 23820506 composite?
True
Is 2131979 a composite number?
False
Is 5899739 a composite number?
False
Is 31409381 a prime number?
False
Is 751757 prime?
False
Is 256274449 a composite number?
False
Is 540509 a composite number?
False
Is 19172927 a prime number?
True
Is 958229 composite?
True
Is 2257705 prime?
False
Is 7284181 a composite number?
False
Is 36800263 a composite number?
True
Is 3243917 a prime number?
True
Is 49565779 composite?
True
Is 120659951 composite?
True
Is 12565599 composite?
True
Is 14471686 prime?
False
Is 28980229 a prime number?
True
Is 207197843 a composite number?
True
Is 759119495 a composite number?
True
Is 80459801 a composite number?
False
Is 45243763 a prime number?
True
Is 1081735 a composite number?
True
Is 2386903 prime?
False
Is 357913819 a prime number?
True
Is 1558517 composite?
False
Is 223066937 a prime number?
False
Is 3181471 composite?
False
Is 405569 a composite number?
True
Is 14942527 prime?
False
Is 1843689949 a composite number?
False
Is 86069 composite?
False
Is 4632933 a composite number?
True
Is 174772609 prime?
False
Is 84241 a composite number?
True
Is 105705959 a prime number?
True
Is 2392571 a composite number?
False
Is 9302827 a prime number?
False
Is 39345193 composite?
False
Is 25076539 a composite number?
False
Is 6065219 prime?
True
Is 17847721 composite?
True
Is 52725197 a composite number?
True
Is 127132183 prime?
True
Is 1961697 a composite number?
True
Is 60691163 a composite number?
True
Is 2130209 a composite number?
False
Is 6685303 a composite number?
False
Is 74278889 prime?
False
Is 63728081 composite?
False
Is 67007093 a prime number?
False
Is 7325399 composite?
False
Is 5174279 composite?
True
Is 45315485 a composite number?
True
Is 135005349 a composite number?
True
Is 65761 prime?
True
Is 85631729 a prime number?
False
Is 106229023 composite?
True
Is 1907123 a prime number?
True
Is 166744723 prime?
True
Is 2910889 a prime number?
True
Is 9946801 composite?
True
Is 7912651 a composite number?
False
Is 6660637 composite?
True
Is 59497397 a prime number?
False
Is 19944293 prime?
True
Is 10735333 a composite number?
True
Is 3285889 composite?
False
Is 3413459 composite?
True
Is 16621997 prime?
False
Is 113358587 a prime number?
True
Is 131574529 a prime number?
False
Is 85344173 a prime number?
True
Is 1084493 composite?
False
Is 63981289 composite?
True
Is 2363995 a composite number?
True
Is 12994529 a prime number?
True
Is 9610609 a composite number?
False
Is 261709467 a prime number?
False
Is 115059983 composite?
True
Is 118450147 composite?
False
Is 42136079 a composite number?
False
Is 16247221 prime?
False
Is 136061329 a prime number?
False
Is 6060911 prime?
True
Is 17425307 prime?
True
Is 313583 a prime number?
True
Is 6575683 composite?
True
Is 949583 a composite number?
False
Is 1745581 a prime number?
True
Is 1838777 prime?
False
Is 2274949 composite?
False
Is 232909583 a prime number?
True
Is 131800351 a prime number?
False
Is 37804721 composite?
False
Is 16050043 a composite number?
True
Is 23846969 a composite number?
False
Is 110209799 a composite number?
True
Is 69008999 composite?
False
Is 181711 composite?
False
Is 158657 composite?
False
Is 120167323 prime?
True
Is 8212549 prime?
True
Is 8182337 a prime number?
True
Is 127073327 a prime number?
True
Is 20811107 a prime number?
False
Is 66964349 a prime number?
True
Is 7131763 prime?
False
Is 403053917 composite?
True
Is 94513 a composite number?
False
Is 168383 a prime number?
False
Is 107239259 a prime number?
True
Is 141891763 composite?
True
Is 13989386 a composite number?
True
Is 71291573 a prime number?
False
Is 72168637 composite?
True
Is 41502691 a composite number?
False
Is 514561 prime?
True
Is 8898739 prime?
False
Is 435419 a composite number?
False
Is 95965339 a prime number?
False
Is 16342663 a prime number?
True
Is 20918611 composite?
True
Is 5500151 composite?
True
Is 56615371 a prime number?
True
Is 234281441 a prime number?
False
Is 26564981 a composite number?
True
Is 443983 composite?
False
Is 1150715317 a prime number?
True
Is 4660423 a composite number?
False
Is 27429351 a composite number?
True
Is 2779655 a prime number?
False
Is 1256349 composite?
True
Is 458401709 composite?
True
Is 17583487 a composite number?
False
Is 6969427 a composite number?
True
Is 8304433 a prime number?
True
Is 198098546 a prime number?
False
Is 74517637 a prime number?
True
Is 11380673 prime?
False
Is 472557157 a prime number?
True
Is 35864083 a prime number?
False
Is 34230307 a composite number?
True
Is 150023343 composite?
True
Is 7732513 prime?
False
Is 13809121 a composite number?
True
Is 474533 a composite number?
False
Is 122850487 composite?
False
Is 103454971 a prime number?
True
Is 17135423 a prime number?
True
Is 625841 a composite number?
True
Is 2263139 a composite number?
False
Is 60553937 a composite number?
False
Is 92107007 prime?
True
Is 1410347 composite?
True
Is 9957631 a composite number?
True
Is 67714021 a prime number?
True
Is 1407547 a composite number?
False
Is 7603703 prime?
True
Is 2108177 a prime number?
True
Is 15391361 prime?
False
Is 31265749 prime?
False
Is 9059419 a prime number?
False
Is 3165619 a prime number?
True
Is 3610193 composite?
True
Is 1810199 composite?
False
Is 26173041 a composite number?
True
Is 3369593 composite?
True
Is 34579651 a prime number?
False
Is 10038062 composite?
True
Is 2178877 a prime number?
True
Is 3878713 prime?
True
Is 693677 composite?
False
Is 601838051 composite?
False
Is 2131208999 prime?
True
Is 306415817 composite?
False
Is 3788693 prime?
False
Is 19029799 a composite number?
False
Is 29998817 prime?
False
Is 57752083 composite?
True
Is 282221 composite?
False
Is 200816101 a prime number?
False
Is 1790011 prime?
False
Is 91105717 prime?
True
Is 11534123 a composite number?
False
Is 3018601 composite?
False
Is 10289987 a composite number?
True
Is 2527231 a prime number?
False
Is 28801 a composite number?
True
Is 134663513 prime?
False
Is 783301 prime?
False
Is 22219369 a composite number?
False
Is 10066535 prime?
False
Is 71090233 a prime number?
False
Is 312427 a prime number?
True
Is 35680621 a composite number?
True
Is 80562049 a prime number?
True
Is 370208497 a prime number?
True
Is 4080409 a composite number?
False
Is 985177 prime?
True
Is 130128347 a composite number?
True
Is 143090621 composite?
False
Is 72893855 composite?
True
Is 569365039 a prime number?
False
Is 209666573 a composite number?
True
Is 71638342 composite?
True
Is 37851041 composite?
False
Is 67754143 a composite number?
False
Is 17045209 prime?
True
Is 68863 a prime number?
True
Is 45494479 composite?
False
Is 5060221 a prime number?
True
Is 2582399 a composite number?
False
Is 230523211 prime?
False
Is 55164301 composite?
True
Is 778439 a composite number?
False
Is 8535643 prime?
False
Is 39420713 a composite number?
True
Is 6066941 prime?
True
Is 3070961 a composite number?
False
Is 168063251 a composite number?
False
Is 231199 prime?
False
Is 5133559 a prime number?
True
Is 1113014177 a composit